 = 2*a, -5*y - a = 3*a - 16. Calculate the highest common divisor of i and y.
4
Suppose 2*u + 0 = -2*h + 142, 4*h - 8 = 0. Let t(o) = -3*o**3 - 18*o**2 + 15*o + 4. Let m be t(-7). Calculate the highest common divisor of m and u.
23
Suppose -1131 = 5*y - 1361. What is the greatest common factor of y and 23?
23
Suppose 296 = -35*q + 31*q. Let o = -58 - q. Let i be (-10)/(30/16 + -2). What is the highest common divisor of i and o?
16
Let o(q) = 2*q**3 + 2*q**2 + q + 1. Let v be o(2). Suppose 527 = 2*l - 67. Suppose -18*i - l = -19*i. What is the highest common divisor of i and v?
27
Suppose 4*p = 0, 391 = y + 4*p - 254. What is the highest common divisor of y and 344?
43
Let u be ((200/15)/8)/((-2)/(-18)). Suppose -g - 3*m = 3, 0 = -3*g - 0*m - m + 15. What is the greatest common divisor of u and g?
3
Let t be 2/(1 - (-39)/(-45)). Let p be 1*(100 + (2 - 1)). Let a = p - 41. Calculate the highest common factor of a and t.
15
Let h = -1976 + 1993. Let d(c) = 7*c**3 - 2*c**2 + c. Let a be d(-2). Let q be a/(-4) + (-1)/(-2). What is the greatest common factor of h and q?
17
Let l = 26 - 16. Let y = -1829 - -1834. Calculate the greatest common divisor of l and y.
5
Let f(g) = -g**3 - 20*g**2 + 12*g + 51. Let u be f(-21). Suppose 4*x = 64 + 56. What is the greatest common factor of x and u?
30
Let f = 14 - -76. Calculate the highest common divisor of 60 and f.
30
Suppose 0 = f - 4*f - 66. Let n(x) = -x**3 + 12*x**2 - 12*x - 4. Let v be n(11). Let m = v - f. What is the greatest common divisor of m and 21?
7
Suppose 5*o + 4*s - 17 - 34 = 0, 4*s - 23 = -o. Let x(j) = -j**3 + 6*j**2 + 6*j - 6. Let m be x(5). Calculate the greatest common divisor of m and o.
7
Let d be 178 + 16 - 3/((-2)/2). Suppose 3*k - 133 = k - 5*t, 3*k + 5*t - d = 0. Calculate the highest common divisor of 8 and k.
8
Suppose -25 - 30 = -11*q. Suppose 0 = -q*w + w - h + 798, 4*h - 192 = -w. What is the greatest common factor of w and 25?
25
Let z be 1/(-3) + 4/12*151. Calculate the greatest common divisor of 1150 and z.
50
Let t be -1 - (-474)/(-4) - 19/38. Let r be t/(-18)*9/4. Suppose -5*b + 7 = -8. Calculate the highest common factor of r and b.
3
Let d(y) = 3*y**3 + 3*y**2 + 6*y - 35. Let c be d(7). Calculate the highest common factor of 7 and c.
7
Suppose 0 = z - 4*w - 36, -4*z - z + 2*w + 90 = 0. Suppose -o + 47 = -0*o + 4*b, 0 = 4*b - z. Calculate the greatest common divisor of 62 and o.
31
Let g be (1/(-3))/(2/(-174)). Let n(r) = 17*r**2 - 91*r - 8. Let o be n(6). Calculate the highest common factor of o and g.
29
Let b(z) = z**2 + 4*z + 21. Let i = -6 - 6. Let g be b(i). Suppose 5*n - 6 = -2*y, 0*n + 2*n = 3*y - 47. What is the highest common factor of y and g?
13
Suppose 0 = -2*j - 3*j + 155. Suppose j = i + 2*a, 6 + 6 = 4*a. Let v(t) = t + 3. Let n be v(7). What is the greatest common factor of n and i?
5
Let h be (-3524)/(-28) + 60/(-70). Calculate the greatest common factor of 100 and h.
25
Suppose 5*u - 3*u = -d + 3, 4*d - 12 = u. Let r be (1/(-2))/(2/(-24)). Let v be (2/(-4))/(r/(-252)). Calculate the greatest common factor of d and v.
3
Suppose -9*a + 85 = -4*a. Suppose -7*x + a + 18 = 0. Calculate the greatest common factor of 15 and x.
5
Let a be (1/7*18)/(2/84). Calculate the highest common divisor of a and 48.
12
Let t(l) = -14*l - 586. Let w be t(-47). What is the highest common divisor of w and 54?
18
Let o be -4*170/(-8)*6/10. Let c(s) = 5*s**2 - 4*s + 2. Let i be c(2). Let d = i - -20. What is the greatest common divisor of d and o?
17
Let z(b) = b + 1. Let g be z(-4). Let v be -8 - g - -12 - -1. What is the highest common factor of v and 24?
8
Suppose h - 5*h + 2*s = -74, 3*s = 4*h - 71. Suppose -4*x - 5 = j + x, 40 = j - 4*x. Calculate the greatest common divisor of h and j.
20
Let r be 2 + ((-12)/(-4) - 1). Suppose -w - 3 = -r*w. Suppose w = -2*u + 3. Calculate the highest common factor of u and 8.
1
Let d be 1*(-3 + (138 - 5)). Calculate the greatest common divisor of d and 10.
10
Let k(f) = -f**2 - 13*f - 25. Let a be k(-10). Suppose a*g - 68 = -4*d, 2*g - 52 = -3*d - 2*g. Calculate the highest common divisor of 84 and d.
12
Suppose -367 - 725 = -28*k. Calculate the greatest common divisor of k and 286.
13
Let o = 191 + -341. Let i = 230 + o. Let g be (-6)/9 - i/(-12). Calculate the greatest common divisor of g and 54.
6
Suppose 4*z - 9 - 59 = 0. Suppose -z = l - 26. Let q(p) = -37*p - 1. Let n be q(-1). Calculate the greatest common factor of l and n.
9
Suppose 9*r - 3888 = -0*r. Suppose 0 = 4*o - 2*o - r. What is the highest common divisor of 24 and o?
24
Suppose -3*p + 6*p - 18 = -3*x, 4*x = 5*p - 12. Suppose 133 = 7*z - 63. Calculate the greatest common divisor of p and z.
4
Let l be ((-48)/(-10))/(1/5). Suppose -8*a - 91 = -a. Let i(j) = j**3 + 13*j**2 + 3. Let o be i(a). Calculate the highest common divisor of o and l.
3
Suppose -4*q + 4 = 0, -p + 9 = 4*q - 13. What is the greatest common factor of p and 486?
18
Suppose -4*w + 1224 + 1654 = 2*u, -6 = 2*u. What is the highest common factor of w and 412?
103
Let o = 13 + -5. Let n be 261/174*32/3. Calculate the greatest common factor of n and o.
8
Let b be (-1 - (-4)/5) + 2565/75. Let i be b/68 - 127/(-2). Calculate the greatest common factor of 4 and i.
4
Let c = 86 - 48. Suppose -76 = 4*w - 4*u, 0*w = 4*w + u + 96. Let b = c + w. What is the highest common divisor of b and 135?
15
Suppose n + 80 = 2*n. Let t be 4*2/28 - (-2)/(-7). Suppose -12*l + 89 + 103 = t. What is the greatest common divisor of n and l?
16
Let g(c) = -16*c + 11. Let x be g(7). Let t = -25 + 4. Let b = t - x. What is the greatest common divisor of 16 and b?
16
Let s be 29/(36/56 - (-10)/(-70)). What is the highest common factor of 493 and s?
29
Let l be (110/(-4) + 12)*-46. Calculate the greatest common divisor of l and 31.
31
Let y(z) = z + 23. Let p(d) = d**3 - 3*d + 7. Let x be p(-3). Let i be y(x). Let t be 3/(3*(-2)/(-6)). Calculate the highest common factor of i and t.
3
Let g(y) = -y + 14. Let l be g(5). Suppose -5*p = -l - 11. Suppose -7*k + 3 = -p*k. What is the highest common divisor of k and 9?
1
Let b(y) be the second derivative of -y**4/6 + 13*y**3/2 - 12*y**2 + 20*y. Let v be b(18). What is the highest common factor of v and 15?
15
Let a(l) = -l + 1. Let v be a(-3). Suppose 0*x - 2 = -2*x, 55 = 4*r + 3*x. Suppose r*g - 9*g - 128 = 0. Calculate the highest common divisor of v and g.
4
Suppose -y - 4*o = -0*y - 9, 2*y - 3*o + 15 = 0. Let n be 0/9 - (0 + y/1). What is the highest common factor of 33 and n?
3
Suppose -11*i = -273 + 53. What is the greatest common divisor of 170 and i?
10
Let a = -145 - -148. Suppose -a*q + 170 = -2*c - 10, -2*c = 3*q - 168. What is the highest common divisor of q and 406?
58
Suppose -4*x = j - 28, -3*x = 74*j - 77*j + 24. Calculate the greatest common factor of j and 624.
12
Suppose 0 = 2*a - a - 4. Suppose 11 = a*n - 25. Suppose -7*m = -n*m + 56. Calculate the highest common divisor of m and 14.
14
Let t = 7 - 14. Let n(o) = -o + 5. Let i(y) = -1. Let j(d) = -2*i(d) + n(d). Let g be j(t). Calculate the highest common divisor of 70 and g.
14
Let j(y) = -y**3 - y - 1. Let q(u) = -4*u**3 - 4*u**2 - 9*u - 6. Let z(c) = 5*j(c) - q(c). Let l be z(4). Calculate the greatest common factor of l and 153.
17
Let f = -22 + 28. Let g = f + -9. Let p be 29 + 3 + (g - 3). What is the highest common factor of 26 and p?
26
Let o(d) = 16*d + 52. Let y be o(0). Calculate the highest common divisor of y and 338.
26
Let x = -600 - -785. Calculate the greatest common divisor of 962 and x.
37
Let f be -5*(-5)/(-200) - (-2162)/16. Calculate the highest common divisor of f and 30.
15
Suppose 0 = 4*d - 3*d + 1. Let g be (86/(-6) - d)*-6. Calculate the highest common factor of g and 10.
10
Suppose 63 = -3*v + 3*r, 2*r - 3*r = v + 29. Let w = -5 - v. Calculate the greatest common factor of 8 and w.
4
Let y(l) = 3*l + 17. Let p be y(3). Let v(d) = d**3 + 11*d**2 + 4*d + 5. Let i be v(-10). Calculate the highest common factor of p and i.
13
Let s be 3/(-45) + 3262/105. What is the highest common factor of 31 and s?
31
Suppose -19*r + 35*r - 5120 = 0. What is the greatest common divisor of r and 128?
64
Let i = 25 - 17. Let t be (-1)/i - (-242)/16. Let p = t + -14. What is the highest common divisor of p and 2?
1